{"id":2,"date":"2018-06-20T16:14:20","date_gmt":"2018-06-20T14:14:20","guid":{"rendered":"http:\/\/sonovivace.ch\/?page_id=2"},"modified":"2023-01-08T21:51:29","modified_gmt":"2023-01-08T20:51:29","slug":"startseite","status":"publish","type":"page","link":"https:\/\/sonovivace.ch\/","title":{"rendered":"Startseite"},"content":{"rendered":"<p><span style=\"\"><img decoding=\"async\" alt=\"\" data-id=\"17\" width=\"340\" data-init-width=\"1996\" height=\"341\" data-init-height=\"2000\" title=\"Image\" loading=\"lazy\" src=\"\/\/sonovivace.ch\/wp-content\/uploads\/2022\/06\/Image.jpeg\" data-width=\"340\" data-height=\"341\" style=\"\" ml-d=\"0\" mt-d=\"0\"><\/span><\/p>\n<h1 style=\"text-align: center;\"><strong>VIDEOKURS<\/strong><\/h1>\n<p style=\"\">\n<p style=\"text-align: center;\"><strong>F\u00dcR deine innere Regeneration<\/strong><\/p>\n<h1 style=\"text-align: center;\"><strong>Diese Videoserie zeigt dir,&nbsp;<\/strong><strong>wie du mit Leichtigkeit<\/strong><\/h1>\n<h1 style=\"text-align: center;\"><strong>energetische Ungleichgewichte in deinem K\u00f6rper&nbsp;<\/strong><\/h1>\n<h1 style=\"text-align: center;\"><strong>aufsp\u00fcren und ausgleichen kannst<\/strong><\/h1>\n<h2 style=\"text-align: center;\">Warum du enorm von diesem Kurs profitieren wirst<\/h2>\n<h6 style=\"\"><strong>Wie Organstress entsteht<\/strong><\/h6>\n<p style=\"text-align: center;\"><!--StartFragment--><!--StartFragment--><!--StartFragment--> In diesem Kurs lernst du zu verstehen, wie unser K\u00f6rper t\u00e4glich &nbsp;<\/p>\n<p style=\"text-align: center;\">durch unterschiedlichste Einfl\u00fcsse fast unmerklich belastet wird.<\/p>\n<p style=\"text-align: center;\">Die moderne Energie-Medizin best\u00e4tigt,<\/p>\n<p style=\"text-align: center;\">dass unsere Organe dadurch inneren Stress aufbauen, den wir so kaum wahrnehmen.&nbsp;<\/p>\n<p style=\"text-align: center;\">Dieser Organstress verursacht aber in uns Ungleichgewichte aller Art,<\/p>\n<p style=\"text-align: center;\">die unsere Gesundheit, Leistungsf\u00e4higkeit und unser Wohlbefinden sehr beeintr\u00e4chtigen.<!--EndFragment--><!--EndFragment--><!--EndFragment--><\/p>\n<h6 style=\"\"><strong>Ungleichgewichte in <\/strong><strong><\/strong><\/h6>\n<h6 style=\"\"><strong>deinen Organen erkennen<\/strong><\/h6>\n<p><!--StartFragment--><\/p>\n<p style=\"\"><!--StartFragment-->Es ist ganz einfach, den Zustand deiner Organe zu testen. Dazu lernst du eine nat\u00fcrliche Testmethode, die du f\u00fcr dich und auch andere anwenden kannst.<!--EndFragment--><\/p>\n<p><!--EndFragment--><\/p>\n<h6 style=\"\"><strong>Deine Organe wieder in Harmonie bringen und zu vitalisieren<\/strong><\/h6>\n<p><!--StartFragment--><\/p>\n<p style=\"\"><!--StartFragment-->Ebenso leicht ist es, die energetische Balance in deinen Organen auf sanfte Weise wieder herzustellen und dann genau nachzupr\u00fcfen.<\/p>\n<p style=\"\">\n<p><!--EndFragment--><\/p>\n<h2 style=\"text-align: center;\"><strong>Warum ich diese bew\u00e4hrte Methode empfehle<\/strong><\/h2>\n<p style=\"text-align: center;\"><!--StartFragment--><!--StartFragment--><strong>Dieses Testverfahren wende ich seit vielen Jahren mit Begeisterung an,<\/strong><\/p>\n<p style=\"text-align: center;\"><strong>weil es so einfach und wirkungsvoll ist.<\/strong><\/p>\n<p style=\"text-align: center;\"><strong>Und fast jede Person kann es sofort anwenden,&nbsp;<\/strong><\/p>\n<p style=\"text-align: center;\"><strong>denn es ist ganz nat\u00fcrlich und unkompliziert &#8211; ja fast kinderleicht.<\/strong><\/p>\n<p style=\"text-align: center;\"><strong>In den Videos wird dir alles ganz genau erkl\u00e4rt und gezeigt,<\/strong><\/p>\n<p style=\"text-align: center;\"><strong>so dass du gleich damit starten und Erfolg haben kannst.<\/strong><\/p>\n<h2 style=\"text-align: center;\"><strong>Was du in diesen Videos alles lernst<\/strong><\/h2>\n<p><strong>1<\/strong><\/p>\n<h4><strong>Video 1: Das Testen der eigenen Energie<\/strong><\/h4>\n<p>Du lernst die einfachen Testverfahren kennen und anwenden, um zuk\u00fcnftig deine Innenwelt auf ihre energetische Befindlichkeit zu testen.<\/p>\n<p><strong>2<\/strong><\/p>\n<h4 style=\"\"><strong>Video 2: Deine Organe testen<\/strong><\/h4>\n<p>Das Testen der Energie deiner Hauptorgane wird dich begeistern &#8211; denn damit kannst du leicht erkennen, welche Organe schon belastet sind &#8211; und zwar bevor dir dein K\u00f6rper das mit Schmerzen signalisiert.<\/p>\n<p><strong>3<\/strong><\/p>\n<h4 style=\"\"><strong>Video 3: Deine Haupt-Organe in Balance bringen<\/strong><\/h4>\n<p>Nach dem Energie-Test deiner Organe, erkennst du, in welchen Organen ein energetisches Ungleichgewicht vorherrscht, das du anschliessend mit einem nat\u00fcrlichen und einfachen Vorgehen wieder in Balance bringst.&nbsp;<\/p>\n<p>Mit jedem ausgeglichenen Organ wird auch dein ganzheitliches Wohlbefinden gef\u00f6rdert und m\u00f6glichen gesundheitlichen Problemen vorgebeugt.&nbsp;<\/p>\n<p>.<\/p>\n<p><strong>4<\/strong><\/p>\n<h4 style=\"\"><strong>Video 4: Die St\u00e4rkung deiner Organe&nbsp;<\/strong><\/h4>\n<p style=\"\">In diesem Video lernst du, wie du deine Organe st\u00e4rken und energetisch stabilisieren kannst.<\/p>\n<p style=\"\">Auch wirst du sehen, wie du in Zukunft den Zustand deiner Organe \u00fcberpr\u00fcfen und allenfalls wieder harmonisieren kannst.<\/p>\n<p style=\"\">Dies ist eine grossartige und einfache M\u00f6glichkeit der Pr\u00e4vention. Du wirst begeistert sein!<\/p>\n<p>5<\/p>\n<h4 style=\"\"><strong>Video 5: Der grosse Nutzen des Testens f\u00fcr dein Leben<\/strong><\/h4>\n<p style=\"\">Dank deiner erlernten Testf\u00e4higkeit, gewinnst du eine bislang kaum gekannte Sicherheit im Erkennen, was f\u00fcr deine Gesundheit und dein Wohlbefinden im Alltag ideal ist. Zudem wirst du Neues in dir entdecken, das deine Pers\u00f6nlichkeit in besonderer Weise bereichern wird.<\/p>\n<h2 style=\"text-align: center;\">Kursleiter<\/h2>\n<p><span style=\"\"><img decoding=\"async\" alt=\"\" data-id=\"45\" width=\"161\" data-init-width=\"604\" height=\"217\" data-init-height=\"814\" title=\"Image\" loading=\"lazy\" src=\"\/\/sonovivace.ch\/wp-content\/uploads\/2022\/06\/Image-1.jpeg\" data-width=\"161\" data-height=\"217\" style=\"\" ml-d=\"0\" mt-d=\"-8.609375\"><\/span><\/p>\n<h6 style=\"\"><strong>Jonas Ulmer<\/strong><\/h6>\n<p><!--StartFragment--><\/p>\n<p style=\"\"><!--StartFragment--><!--EndFragment-->Seit bald 50 Jahren besch\u00e4ftigt sich Jonas Ulmer mit jenen Themen,<\/p>\n<p style=\"\">die unser ganzheitliches Wohlergehen weitgehend mitbestimmen.<\/p>\n<p style=\"\">Seine Beratungen haben das Ziel, Menschen ihre individuellen M\u00f6glichkeiten aufzuzeigen, wie sie ihr Leben optimieren und ihre Pers\u00f6nlichkeit auf nat\u00fcrliche Weise weiterentwickeln k\u00f6nnen.<\/p>\n<p style=\"\">\n<p><!--EndFragment--><a href=\"#\"><span><span style=\"\">&nbsp; &nbsp; &nbsp; DEIN BEITRAG<\/span><\/span><\/a><a href=\"#\" style=\"\"><span><span><\/span><\/span><\/a><\/p>\n<p style=\"text-align: center;\"><!--StartFragment--><span style=\"font-size: 29px;\">CHF&nbsp;<\/span> 95<\/p>\n<ul data-dashlane-rid=\"c33b7825ad3c49be\" data-form-type=\"\">\n<li style=\"\"><span style=\"\">Zugang 24\/7 Tage<\/span><\/li>\n<li><span style=\"\">5 Videos &amp; Skript&nbsp;<\/span><\/li>\n<li style=\"\"><span style=\"\">Test- u. Checklisten<!--StartFragment--><!--EndFragment--><!--EndFragment--><!--StartFragment--><\/span><\/li>\n<\/ul>\n<h5 style=\"text-align: center;\">regular course<\/h5>\n<p><!--StartFragment-->One sentence summary of what they get<!--EndFragment--><\/p>\n<p>$<\/p>\n<p><!--StartFragment-->99<!--EndFragment--><\/p>\n<ul>\n<li><span><!--StartFragment-->Lifetime Access<!--EndFragment--><\/span><\/li>\n<li><span><!--StartFragment-->Immediate Start<\/span><\/li>\n<li><span><!--EndFragment--><!--StartFragment-->Access to All Modules<\/span><\/li>\n<li><span>List Element<\/span><\/li>\n<\/ul>\n<h5 style=\"text-align: center;\">advanced course<\/h5>\n<p><!--StartFragment-->One sentence summary of what they get<!--EndFragment--><\/p>\n<p>$<\/p>\n<p><!--StartFragment-->127<!--EndFragment--><\/p>\n<ul>\n<li><span><!--StartFragment-->Lifetime Access<!--EndFragment--><\/span><\/li>\n<li><span><!--StartFragment-->Immediate Start<!--EndFragment--><\/span><\/li>\n<li><span><!--StartFragment-->Access to All Modules<!--EndFragment--><\/span><\/li>\n<li><span><!--StartFragment-->X number of bonuses<!--EndFragment--><\/span><\/li>\n<li><span><!--StartFragment-->Access to Private Facebook Group<!--EndFragment--><\/span><\/li>\n<li><span>30 Minute Private Coaching Call<\/span><\/li>\n<\/ul>\n<p>[tcb-script]function loadjQuery(e,t){var n=document.createElement(&#8220;script&#8221;);n.setAttribute(&#8220;src&#8221;,e);n.onload=t;n.onreadystatechange=function(){if(this.readyState==&#8221;complete&#8221;||this.readyState==&#8221;loaded&#8221;)t()};document.getElementsByTagName(&#8220;head&#8221;)[0].appendChild(n)}function main(){var $cr=jQuery.noConflict();var old_src;$cr(document).ready(function(){$cr(&#8220;.cr_form&#8221;).submit(function(){$cr(this).find(&#8216;.clever_form_error&#8217;).removeClass(&#8216;clever_form_error&#8217;);$cr(this).find(&#8216;.clever_form_note&#8217;).remove();$cr(this).find(&#8220;.musthave&#8221;).find(&#8216;input, textarea&#8217;).each(function(){if(jQuery.trim($cr(this).val())==&#8221;&#8221;||($cr(this).is(&#8216;:checkbox&#8217;))||($cr(this).is(&#8216;:radio&#8217;))){if($cr(this).is(&#8216;:checkbox&#8217;)||($cr(this).is(&#8216;:radio&#8217;))){if(!$cr(this).parents(&#8220;.cr_ipe_item&#8221;).find(&#8220;:checked&#8221;).is(&#8220;:checked&#8221;)){$cr(this).parents(&#8220;.cr_ipe_item&#8221;).addClass(&#8216;clever_form_error&#8217;)}}else{$cr(this).addClass(&#8216;clever_form_error&#8217;)}}});if($cr(this).attr(&#8220;action&#8221;).search(document.domain)&gt;0&amp;&amp;$cr(&#8220;.cr_form&#8221;).attr(&#8220;action&#8221;).search(&#8220;wcs&#8221;)&gt;0){var cr_email=$cr(this).find(&#8216;input[name=email]&#8217;);var unsub=false;if($cr(&#8220;input[&#8216;name=cr_subunsubscribe&#8217;][value=&#8217;false&#8217;]&#8221;).length){if($cr(&#8220;input[&#8216;name=cr_subunsubscribe&#8217;][value=&#8217;false&#8217;]&#8221;).is(&#8220;:checked&#8221;)){unsub=true}}if(cr_email.val()&amp;&amp;!unsub){$cr.ajax({type:&#8221;GET&#8221;,url:$cr(&#8220;.cr_form&#8221;).attr(&#8220;action&#8221;).replace(&#8220;wcs&#8221;,&#8221;check_email&#8221;)+window.btoa($cr(this).find(&#8216;input[name=email]&#8217;).val()),success:function(data){if(data){cr_email.addClass(&#8216;clever_form_error&#8217;).before(&#8220;&lt;div class=&#8217;clever_form_note cr_font&#8217;&gt;&#8221;+data+&#8221;&lt;\/div&gt;&#8221;);return false}},async:false})}var cr_captcha=$cr(this).find(&#8216;input[name=captcha]&#8217;);if(cr_captcha.val()){$cr.ajax({type:&#8221;GET&#8221;,url:$cr(&#8220;.cr_form&#8221;).attr(&#8220;action&#8221;).replace(&#8220;wcs&#8221;,&#8221;check_captcha&#8221;)+$cr(this).find(&#8216;input[name=captcha]&#8217;).val(),success:function(data){if(data){cr_captcha.addClass(&#8216;clever_form_error&#8217;).after(&#8220;&lt;div style=&#8217;display:block&#8217; class=&#8217;clever_form_note cr_font&#8217;&gt;&#8221;+data+&#8221;&lt;\/div&gt;&#8221;);return false}},async:false})}}if($cr(this).find(&#8216;.clever_form_error&#8217;).length){return false}return true});$cr(&#8216;input[class*=&#8221;cr_number&#8221;]&#8217;).change(function(){if(isNaN($cr(this).val())){$cr(this).val(1)}if($cr(this).attr(&#8220;min&#8221;)){if(($cr(this).val()*1)&lt;($cr(this).attr(&#8220;min&#8221;)*1)){$cr(this).val($cr(this).attr(&#8220;min&#8221;))}}if($cr(this).attr(&#8220;max&#8221;)){if(($cr(this).val()*1)&gt;($cr(this).attr(&#8220;max&#8221;)*1)){$cr(this).val($cr(this).attr(&#8220;max&#8221;))}}});old_src=$cr(&#8220;div[rel=&#8217;captcha&#8217;] img:not(.captcha2_reload)&#8221;).attr(&#8220;src&#8221;);if($cr(&#8220;div[rel=&#8217;captcha&#8217;] img:not(.captcha2_reload)&#8221;).length!=0){captcha_reload()}});function captcha_reload(){var timestamp=new Date().getTime();$cr(&#8220;div[rel=&#8217;captcha&#8217;] img:not(.captcha2_reload)&#8221;).attr(&#8220;src&#8221;,&#8221;&#8221;);$cr(&#8220;div[rel=&#8217;captcha&#8217;] img:not(.captcha2_reload)&#8221;).attr(&#8220;src&#8221;,old_src+&#8221;?t=&#8221;+timestamp);return false}}if(typeof jQuery===&#8221;undefined&#8221;){loadjQuery(&#8220;\/\/ajax.googleapis.com\/ajax\/libs\/jquery\/1.4.2\/jquery.min.js&#8221;,main)}else{main()}[\/tcb-script]Vorname*Name*E-Mail* Anmelden                [tcb-noscript]<a href=\"http:\/\/www.cleverreach.de\">www.CleverReach.de<\/a>[\/tcb-noscript]        <\/p>\n<p style=\"text-align: center;\">Bitte best\u00e4tige nach der Anmeldung das Mail, das du in<\/p>\n<p style=\"text-align: center;\">deinem Postfach findest &#8211; allenfalls auch im Spamordner.<\/p>\n<p style=\"color: var(--tve-color, var(--tcb-tpl-color-0)); --tcb-applied-color: var$(--tcb-tpl-color-0);\">Anschliessend wirst du zur Zahlseite von Digistore24 geleitet.<\/p>\n<p style=\"text-align: center;\"><strong>100%<\/strong><\/p>\n<p style=\"\">GELD-ZUR\u00dcCK<\/p>\n<p style=\"\">GARANTIE<\/p>\n<h3 style=\"font-size: 28px; text-align: center;\"><!--StartFragment--><strong>100% Zufriedenheits-Garantie &nbsp;&#8211;<\/strong><strong> <\/strong><strong><span style=\"color: var(--tcb-tpl-color-4);\">30 Tage<\/span><\/strong><!--EndFragment--><\/h3>\n<p style=\"text-align: center;\"><!--StartFragment-->Sollte dieser Videokurs deinen Erwartungen nicht entsprechen, hast du bis 30 Tage ab Kaufdatum Anrecht auf die R\u00fcckerstattung des gesamten Kursbetrages. <!--EndFragment--><\/p>\n<h2 style=\"text-align: center;\"><strong><strong>Fragen und Antworten<\/strong><\/strong><\/h2>\n<h4 style=\"\"><strong>Warum ist dieser Videokurs so ausserordentlich empfehlenswert ?<\/strong><\/h4>\n<p>In diesem Videokurs lernst du eine denkbar einfache und vielfach bew\u00e4hrte Methode kennen, wie du den energetischen Zustand insbesondere deiner Hauptorgane \u00fcberpr\u00fcfen kannst. <\/p>\n<p>Somit erf\u00e4hrst du auf sanfte Weise, wie es um deinen inneren Gesundheitszustand steht, den normalerweise gar nicht wahrnehmen kannst.&nbsp;<\/p>\n<p>Und zwar bevor sich bei dir irgendwelche Schmerzen bemerkbar machen.<\/p>\n<h4 style=\"\"><strong>F\u00fcr wen ist dieser Videokurs geeignet ?<\/strong><\/h4>\n<p>Dieser Kurs eignet sich f\u00fcr dich, wenn du lernen willst, wie du deine innere Befindlichkeit auf sanfte Art \u00fcberpr\u00fcfen und f\u00f6rdern kannst &#8211; und allf\u00e4llige Ungleichgewichte ebenfalls auf wirksame und nat\u00fcrliche Art ausgleichen m\u00f6chtest.&nbsp;<\/p>\n<h4 style=\"\"><strong>Warum ist dieses wirksame Vorgehen so einfach und erfolgreich ?<\/strong><\/h4>\n<p>Da wir gl\u00fccklicherweise auf erstaunlich einfache Art in der Lage sind, unsere Energien wahrzunehmen, k\u00f6nnen wir genauso auf dieser energetischen Ebene harmonisierende Massnahmen &nbsp;vornehmen, die nat\u00fcrlich und schmerzlos sind &#8211; &nbsp;fast so einfach, wie bewusst einzuatmen oder ein K\u00f6rperglied zu bewegen.<\/p>\n<p>Zudem lernst du Zusammenh\u00e4nge kennen, die deinen bewussten Umgang mit deiner Gesundheit noch leichter und sinnreicher machen.<\/p>\n","protected":false},"excerpt":{"rendered":"<p>VIDEOKURS F\u00dcR deine innere Regeneration Diese Videoserie zeigt dir,&nbsp;wie du mit Leichtigkeit energetische Ungleichgewichte in deinem K\u00f6rper&nbsp; aufsp\u00fcren und ausgleichen kannst Warum du enorm von diesem Kurs profitieren wirst Wie Organstress entsteht In diesem Kurs lernst du zu verstehen, wie unser K\u00f6rper t\u00e4glich &nbsp; durch unterschiedlichste Einfl\u00fcsse fast unmerklich belastet wird. Die moderne Energie-Medizin best\u00e4tigt, [&hellip;]<\/p>\n","protected":false},"author":1,"featured_media":0,"parent":0,"menu_order":0,"comment_status":"closed","ping_status":"closed","template":"","meta":{"footnotes":""},"class_list":["post-2","page","type-page","status-publish","hentry","post-wrapper","thrv_wrapper"],"_links":{"self":[{"href":"https:\/\/sonovivace.ch\/index.php?rest_route=\/wp\/v2\/pages\/2","targetHints":{"allow":["GET"]}}],"collection":[{"href":"https:\/\/sonovivace.ch\/index.php?rest_route=\/wp\/v2\/pages"}],"about":[{"href":"https:\/\/sonovivace.ch\/index.php?rest_route=\/wp\/v2\/types\/page"}],"author":[{"embeddable":true,"href":"https:\/\/sonovivace.ch\/index.php?rest_route=\/wp\/v2\/users\/1"}],"replies":[{"embeddable":true,"href":"https:\/\/sonovivace.ch\/index.php?rest_route=%2Fwp%2Fv2%2Fcomments&post=2"}],"version-history":[{"count":10,"href":"https:\/\/sonovivace.ch\/index.php?rest_route=\/wp\/v2\/pages\/2\/revisions"}],"predecessor-version":[{"id":473,"href":"https:\/\/sonovivace.ch\/index.php?rest_route=\/wp\/v2\/pages\/2\/revisions\/473"}],"wp:attachment":[{"href":"https:\/\/sonovivace.ch\/index.php?rest_route=%2Fwp%2Fv2%2Fmedia&parent=2"}],"curies":[{"name":"wp","href":"https:\/\/api.w.org\/{rel}","templated":true}]}}